{"id":18,"date":"2017-09-24T09:46:35","date_gmt":"2017-09-24T09:46:35","guid":{"rendered":"http:\/\/104.155.73.216\/?page_id=18"},"modified":"2025-05-07T14:07:54","modified_gmt":"2025-05-07T12:07:54","slug":"kontakt-traeger","status":"publish","type":"page","link":"https:\/\/montessori-integration-kiga.de\/index.php\/kontakt-traeger\/","title":{"rendered":"Tr\u00e4ger und Kontakt \/ freie Stellen"},"content":{"rendered":"\n<p><a href=\"http:\/\/montessori-integration-kiga.de\/wp-content\/uploads\/2022\/12\/Monti-Kiga_Stellen_10-02-20_2.pdf\" target=\"_blank\" rel=\"noreferrer noopener\">montessori-integration-kiga.de\/\u2026\/Monti-Kiga_Stellen_10-02-20_2.pdf<\/a><\/p>\n\n\n\n<p><\/p>\n\n\n\n<p><\/p>\n\n\n\n<p>Vorstand:<\/p>\n\n\n\n<p>Der Wiehremer Inklusive Montessori Kindergarten e.V. ist durch die Initiative von Eltern im Jahre 1985 gegr\u00fcndet worden. Dies geschah mit der Unterst\u00fctzung der Christusgemeinde, der Universit\u00e4tskinderklinik Freiburg und der Johann &#8211; Carl &#8211; M\u00fcller-Stiftung Hamburg. Seither ist der Kindergarten ein gemeinn\u00fctziger Verein und wird durch ehrenamtliche Vorst\u00e4nde getragen. Der Kindergarten ist Mitglied beim Dachverband des Diakonischen Werkes Baden und konnte der Christuskirche angegliedert werden.<\/p>\n\n\n\n<p>Ferner ist er Mitglied der AMI (Assoziation Montessori Internationale) und anerkannt als Hospitationsst\u00e4tte f\u00fcr Absolventen des Montessori Diploms. Die beiden Schwerpunkte der p\u00e4dagogischen Konzeption sind die Montessorip\u00e4dagogik und die Inklusion von Kindern mit und ohne Behinderung.<\/p>\n\n\n\n<p>Der Vorstand des Kindergartenvereins setzt sich aus Ehrenamtlichen zusammen. Eltern, die zurzeit ihre Kinder im Kindergarten haben oder in der Vergangenheit hatten oder Menschen, die sich mit der P\u00e4dagogik und dem Konzept des Kindergartens verbunden f\u00fchlen.<\/p>\n\n\n\n<p><strong>Die Aufgaben des Vorstandes sind: <\/strong><strong><\/strong><\/p>\n\n\n\n<p><strong>Qualit\u00e4tsmanagement:<\/strong> Der Vorstand ist mitverantwortlich daf\u00fcr, das Profil des Kindergartens zu entwickeln und den Qualit\u00e4tsstandard zu evaluieren. Der Vorstand kann hierbei auch durch Vereinsbeir\u00e4te und verschiedene Fachleute unterst\u00fctzt werden.<strong><\/strong><\/p>\n\n\n\n<p><strong>H\u00fcter &amp; Helfer:<\/strong> Er fungiert in der Rolle des W\u00e4chters, dass die p\u00e4dagogische Arbeit entsprechend dem Konzept Maria Montessoris und der Inklusion gelebt wird. Er ist aber auch Unterst\u00fctzer, damit die Umsetzung der p\u00e4dagogischen Arbeit gelingt.<\/p>\n\n\n\n<p><strong>Ansprechpartner f\u00fcr Verb\u00e4nde &amp; \u00c4mter:<\/strong> Der Vorstand ist Ansprechpartner f\u00fcr alle Institutionen der Wohlfahrtsverb\u00e4nde, der Kirchen, der Stadt und des Landes.&nbsp;<\/p>\n\n\n\n<p>Der Inklusive Montessori Kindergarten Wiehre ist verpflichtet, die Vorgaben des Landes, der Stadt und des Diakonischen Werkes einzuhalten. Der Vorstand sichert die Rahmenbedingungen, die den Richtlinien und Rechtsgrundlagen der Stadt und des Landes entsprechen.<\/p>\n\n\n\n<p><strong>Personalmanagement: <\/strong>In enger Zusammenarbeit mit der Leitung des Kindergartens f\u00fchrt der Vorstand die Bewerbungsgespr\u00e4che und entscheidet \u00fcber die Einstellung des Personals sowie den Personalschl\u00fcssel.&nbsp;Er&nbsp;tr\u00e4gt die F\u00fcrsorge f\u00fcr das Personal.<\/p>\n\n\n\n<p>Er steht im wechselseitigen Austausch mit dem Team. Hierbei stehen innerhalb der Kommunikation Transparenz und Offenheit im Vordergrund. Dazu geh\u00f6ren auch regelm\u00e4\u00dfige Mitarbeitergespr\u00e4che mit Zielvereinbarungen. Dem Tr\u00e4ger liegt daran, dass das p\u00e4dagogische Team regelm\u00e4\u00dfig bedarfsorientiert Fortbildungen besucht.&nbsp;<\/p>\n\n\n\n<p><strong>Instandhaltung und Ausstattung<\/strong>: Der Vorstand entscheidet \u00fcber Neuanschaffungen und Ver\u00e4nderungen in verschiedenen Bereichen des Kindergartens (z.B. Renovierungsarbeiten). Hierbei ist dem Vorstand wichtig, das Team in die Entscheidungen mit einzubeziehen.<\/p>\n\n\n\n<p><strong>Mitgliedschaft:<\/strong> Der Wiehremer Montessori Kindergarten e.V. steht f\u00fcr alle Interessierte offen, diesen als Mitglied zu unterst\u00fctzen. J\u00e4hrlich stattfindende Mitgliederversammlungen informieren die Mitglieder \u00fcber Neuerungen, Entwicklungen und Aktuelles.<\/p>\n\n\n\n<p><strong>Kontakt:<\/strong><\/p>\n\n\n\n<p><a href=\"mailto:vorstand@monti-kiga.de\">vorstand@monti-kiga.de<\/a>      <\/p>\n\n\n\n<p>Elise Opezzo-Burger<\/p>\n\n\n\n<p>Anja Birnesser<\/p>\n","protected":false},"excerpt":{"rendered":"<p>montessori-integration-kiga.de\/\u2026\/Monti-Kiga_Stellen_10-02-20_2.pdf Vorstand: Der Wiehremer Inklusive Montessori Kindergarten e.V. ist durch die Initiative von Eltern im Jahre 1985 gegr\u00fcndet worden. Dies geschah mit der Unterst\u00fctzung der Christusgemeinde, der Universit\u00e4tskinderklinik Freiburg und der Johann &#8211; Carl &#8211; M\u00fcller-Stiftung Hamburg. Seither ist der Kindergarten ein gemeinn\u00fctziger Verein und wird durch ehrenamtliche Vorst\u00e4nde getragen. Der Kindergarten ist Mitglied beim &hellip; <\/p>\n<p class=\"link-more\"><a href=\"https:\/\/montessori-integration-kiga.de\/index.php\/kontakt-traeger\/\" class=\"more-link\"><span class=\"screen-reader-text\">\u201eTr\u00e4ger und Kontakt \/ freie Stellen\u201c<\/span> weiterlesen<\/a><\/p>\n","protected":false},"author":1,"featured_media":1059,"parent":0,"menu_order":0,"comment_status":"closed","ping_status":"closed","template":"","meta":[],"aioseo_notices":[],"yoast_head":"<!-- This site is optimized with the Yoast SEO plugin v19.11 - https:\/\/yoast.com\/wordpress\/plugins\/seo\/ -->\n<title>Tr\u00e4ger und Kontakt \/ freie Stellen - Wiehremer Montessori Kindergarten<\/title>\n<meta name=\"robots\" content=\"index, follow, max-snippet:-1, max-image-preview:large, max-video-preview:-1\" \/>\n<link rel=\"canonical\" href=\"https:\/\/montessori-integration-kiga.de\/index.php\/kontakt-traeger\/\" \/>\n<meta property=\"og:locale\" content=\"de_DE\" \/>\n<meta property=\"og:type\" content=\"article\" \/>\n<meta property=\"og:title\" content=\"Tr\u00e4ger und Kontakt \/ freie Stellen - Wiehremer Montessori Kindergarten\" \/>\n<meta property=\"og:description\" content=\"montessori-integration-kiga.de\/\u2026\/Monti-Kiga_Stellen_10-02-20_2.pdf Vorstand: Der Wiehremer Inklusive Montessori Kindergarten e.V. ist durch die Initiative von Eltern im Jahre 1985 gegr\u00fcndet worden. Dies geschah mit der Unterst\u00fctzung der Christusgemeinde, der Universit\u00e4tskinderklinik Freiburg und der Johann &#8211; Carl &#8211; M\u00fcller-Stiftung Hamburg. Seither ist der Kindergarten ein gemeinn\u00fctziger Verein und wird durch ehrenamtliche Vorst\u00e4nde getragen. Der Kindergarten ist Mitglied beim &hellip; \u201eTr\u00e4ger und Kontakt \/ freie Stellen\u201c weiterlesen\" \/>\n<meta property=\"og:url\" content=\"https:\/\/montessori-integration-kiga.de\/index.php\/kontakt-traeger\/\" \/>\n<meta property=\"og:site_name\" content=\"Wiehremer Montessori Kindergarten\" \/>\n<meta property=\"article:modified_time\" content=\"2025-05-07T12:07:54+00:00\" \/>\n<meta property=\"og:image\" content=\"https:\/\/montessori-integration-kiga.de\/wp-content\/uploads\/2021\/01\/P1120142b-scaled.jpg\" \/>\n\t<meta property=\"og:image:width\" content=\"2560\" \/>\n\t<meta property=\"og:image:height\" content=\"1707\" \/>\n\t<meta property=\"og:image:type\" content=\"image\/jpeg\" \/>\n<meta name=\"twitter:card\" content=\"summary_large_image\" \/>\n<meta name=\"twitter:label1\" content=\"Gesch\u00e4tzte Lesezeit\" \/>\n\t<meta name=\"twitter:data1\" content=\"3\u00a0Minuten\" \/>\n<script type=\"application\/ld+json\" class=\"yoast-schema-graph\">{\"@context\":\"https:\/\/schema.org\",\"@graph\":[{\"@type\":\"WebPage\",\"@id\":\"https:\/\/montessori-integration-kiga.de\/index.php\/kontakt-traeger\/\",\"url\":\"https:\/\/montessori-integration-kiga.de\/index.php\/kontakt-traeger\/\",\"name\":\"Tr\u00e4ger und Kontakt \/ freie Stellen - Wiehremer Montessori Kindergarten\",\"isPartOf\":{\"@id\":\"https:\/\/montessori-integration-kiga.de\/#website\"},\"datePublished\":\"2017-09-24T09:46:35+00:00\",\"dateModified\":\"2025-05-07T12:07:54+00:00\",\"breadcrumb\":{\"@id\":\"https:\/\/montessori-integration-kiga.de\/index.php\/kontakt-traeger\/#breadcrumb\"},\"inLanguage\":\"de\",\"potentialAction\":[{\"@type\":\"ReadAction\",\"target\":[\"https:\/\/montessori-integration-kiga.de\/index.php\/kontakt-traeger\/\"]}]},{\"@type\":\"BreadcrumbList\",\"@id\":\"https:\/\/montessori-integration-kiga.de\/index.php\/kontakt-traeger\/#breadcrumb\",\"itemListElement\":[{\"@type\":\"ListItem\",\"position\":1,\"name\":\"Startseite\",\"item\":\"https:\/\/montessori-integration-kiga.de\/\"},{\"@type\":\"ListItem\",\"position\":2,\"name\":\"Tr\u00e4ger und Kontakt \/ freie Stellen\"}]},{\"@type\":\"WebSite\",\"@id\":\"https:\/\/montessori-integration-kiga.de\/#website\",\"url\":\"https:\/\/montessori-integration-kiga.de\/\",\"name\":\"Wiehremer Montessori Kindergarten\",\"description\":\"Beethovenstrasse 8, 79100 Freiburg im Breisgau\",\"potentialAction\":[{\"@type\":\"SearchAction\",\"target\":{\"@type\":\"EntryPoint\",\"urlTemplate\":\"https:\/\/montessori-integration-kiga.de\/?s={search_term_string}\"},\"query-input\":\"required name=search_term_string\"}],\"inLanguage\":\"de\"}]}<\/script>\n<!-- \/ Yoast SEO plugin. -->","yoast_head_json":{"title":"Tr\u00e4ger und Kontakt \/ freie Stellen - Wiehremer Montessori Kindergarten","robots":{"index":"index","follow":"follow","max-snippet":"max-snippet:-1","max-image-preview":"max-image-preview:large","max-video-preview":"max-video-preview:-1"},"canonical":"https:\/\/montessori-integration-kiga.de\/index.php\/kontakt-traeger\/","og_locale":"de_DE","og_type":"article","og_title":"Tr\u00e4ger und Kontakt \/ freie Stellen - Wiehremer Montessori Kindergarten","og_description":"montessori-integration-kiga.de\/\u2026\/Monti-Kiga_Stellen_10-02-20_2.pdf Vorstand: Der Wiehremer Inklusive Montessori Kindergarten e.V. ist durch die Initiative von Eltern im Jahre 1985 gegr\u00fcndet worden. Dies geschah mit der Unterst\u00fctzung der Christusgemeinde, der Universit\u00e4tskinderklinik Freiburg und der Johann &#8211; Carl &#8211; M\u00fcller-Stiftung Hamburg. Seither ist der Kindergarten ein gemeinn\u00fctziger Verein und wird durch ehrenamtliche Vorst\u00e4nde getragen. Der Kindergarten ist Mitglied beim &hellip; \u201eTr\u00e4ger und Kontakt \/ freie Stellen\u201c weiterlesen","og_url":"https:\/\/montessori-integration-kiga.de\/index.php\/kontakt-traeger\/","og_site_name":"Wiehremer Montessori Kindergarten","article_modified_time":"2025-05-07T12:07:54+00:00","og_image":[{"width":2560,"height":1707,"url":"https:\/\/montessori-integration-kiga.de\/wp-content\/uploads\/2021\/01\/P1120142b-scaled.jpg","type":"image\/jpeg"}],"twitter_card":"summary_large_image","twitter_misc":{"Gesch\u00e4tzte Lesezeit":"3\u00a0Minuten"},"schema":{"@context":"https:\/\/schema.org","@graph":[{"@type":"WebPage","@id":"https:\/\/montessori-integration-kiga.de\/index.php\/kontakt-traeger\/","url":"https:\/\/montessori-integration-kiga.de\/index.php\/kontakt-traeger\/","name":"Tr\u00e4ger und Kontakt \/ freie Stellen - Wiehremer Montessori Kindergarten","isPartOf":{"@id":"https:\/\/montessori-integration-kiga.de\/#website"},"datePublished":"2017-09-24T09:46:35+00:00","dateModified":"2025-05-07T12:07:54+00:00","breadcrumb":{"@id":"https:\/\/montessori-integration-kiga.de\/index.php\/kontakt-traeger\/#breadcrumb"},"inLanguage":"de","potentialAction":[{"@type":"ReadAction","target":["https:\/\/montessori-integration-kiga.de\/index.php\/kontakt-traeger\/"]}]},{"@type":"BreadcrumbList","@id":"https:\/\/montessori-integration-kiga.de\/index.php\/kontakt-traeger\/#breadcrumb","itemListElement":[{"@type":"ListItem","position":1,"name":"Startseite","item":"https:\/\/montessori-integration-kiga.de\/"},{"@type":"ListItem","position":2,"name":"Tr\u00e4ger und Kontakt \/ freie Stellen"}]},{"@type":"WebSite","@id":"https:\/\/montessori-integration-kiga.de\/#website","url":"https:\/\/montessori-integration-kiga.de\/","name":"Wiehremer Montessori Kindergarten","description":"Beethovenstrasse 8, 79100 Freiburg im Breisgau","potentialAction":[{"@type":"SearchAction","target":{"@type":"EntryPoint","urlTemplate":"https:\/\/montessori-integration-kiga.de\/?s={search_term_string}"},"query-input":"required name=search_term_string"}],"inLanguage":"de"}]}},"_links":{"self":[{"href":"https:\/\/montessori-integration-kiga.de\/index.php\/wp-json\/wp\/v2\/pages\/18"}],"collection":[{"href":"https:\/\/montessori-integration-kiga.de\/index.php\/wp-json\/wp\/v2\/pages"}],"about":[{"href":"https:\/\/montessori-integration-kiga.de\/index.php\/wp-json\/wp\/v2\/types\/page"}],"author":[{"embeddable":true,"href":"https:\/\/montessori-integration-kiga.de\/index.php\/wp-json\/wp\/v2\/users\/1"}],"replies":[{"embeddable":true,"href":"https:\/\/montessori-integration-kiga.de\/index.php\/wp-json\/wp\/v2\/comments?post=18"}],"version-history":[{"count":37,"href":"https:\/\/montessori-integration-kiga.de\/index.php\/wp-json\/wp\/v2\/pages\/18\/revisions"}],"predecessor-version":[{"id":1387,"href":"https:\/\/montessori-integration-kiga.de\/index.php\/wp-json\/wp\/v2\/pages\/18\/revisions\/1387"}],"wp:featuredmedia":[{"embeddable":true,"href":"https:\/\/montessori-integration-kiga.de\/index.php\/wp-json\/wp\/v2\/media\/1059"}],"wp:attachment":[{"href":"https:\/\/montessori-integration-kiga.de\/index.php\/wp-json\/wp\/v2\/media?parent=18"}],"curies":[{"name":"wp","href":"https:\/\/api.w.org\/{rel}","templated":true}]}}