{"id":16,"date":"2017-09-24T09:46:34","date_gmt":"2017-09-24T09:46:34","guid":{"rendered":"http:\/\/104.155.73.216\/?page_id=16"},"modified":"2021-01-25T12:35:29","modified_gmt":"2021-01-25T12:35:29","slug":"home","status":"publish","type":"page","link":"https:\/\/montessori-integration-kiga.de\/index.php\/home\/","title":{"rendered":"Willkommen"},"content":{"rendered":"<p><strong>Vorwort<\/strong><\/p>\n<p>Leitbild: <strong>Allein ein Ton, gemeinsam eine Melodie<\/strong><\/p>\n<p><em>&#8222;Wir m\u00fcssen bedenken, dass das Kind von Geburt an eine Kraft in sich hat. Wir d\u00fcrfen nicht nur das Kind sehen, sondern Gott in ihm. Wir m\u00fcssen die Gesetze der Sch\u00f6pfung in ihm achten. Wir d\u00fcrfen nicht denken, wir k\u00f6nnten das Kind&nbsp;<\/em><em>machen; wenn wir das tun, verderben wir das g\u00f6ttliche Werk. Wenn wir&nbsp;<\/em><em>meinen, wir seien es, die das Kind formen, bauen wir nicht den aktiven Teil im&nbsp;<\/em><em>Kinde auf. Wir vermindern die Kr\u00e4fte des menschlichen Gesch\u00f6pfes.&nbsp;<\/em><em>Die Aufgabe, die sich die Lehrerin selbst vorgenommen hat, ist gew\u00f6hnlich&nbsp;<\/em><em>gewesen, weiches Material zu modellieren und leere Gef\u00e4\u00dfe zu f\u00fcllen. Aber wir&nbsp;<\/em><em>m\u00fcssen uns darauf einstellen die verborgenen Wunder im Kinde zu sehen und&nbsp;<\/em><em>ihm zu helfen, sie zu entfalten&#8220; (<\/em>Maria Montessori, Kosmische Erziehung).<\/p>\n<p>Mit Offenheit hei\u00dfen wir jedes Kind und seine Familie in unserem Haus herzlich willkommen. Wir freuen uns darauf, die Sch\u00e4tze eines jeden Kindes gemeinsam zu entdecken und ihm M\u00f6glichkeiten zu schaffen, diese zu entfalten. Jedes Kind bringt seine individuellen Sch\u00e4tze wie z.B. Neugierde, Wissensdurst, eigenen Zeitplan, Talente, Vorlieben, W\u00fcnsche, Ideen, pers\u00f6nliche Anlagen sowie seine Einzigartigkeit mit.<\/p>\n<p>F\u00fcr uns gilt: \u201e<strong>Jeder darf so sein wie er ist und das ist gut so.<\/strong>\u201c<\/p>\n<p>Jedes Kind wird in seinem Klang wahrgenommen, darf unterschiedliche Schwingungen an verschiedenen Tagen zum Ausdruck bringen. Der Erwachsene begegnet dem Kind als \u201eDiener, Beobachter und Vorbild\u201c mit Liebe und Demut. Seine Aufgabe ist es, die einzelnen Kl\u00e4nge in einer gemeinsamen Melodie zum Klingen zu bringen. Unterschiedliche Schwingungen und Stimmungen k\u00f6nnen die Melodie immer wieder neu, vielf\u00e4ltig erklingen lassen.<\/p>\n<p>&nbsp;<\/p>\n","protected":false},"excerpt":{"rendered":"<p>Vorwort Leitbild: Allein ein Ton, gemeinsam eine Melodie &#8222;Wir m\u00fcssen bedenken, dass das Kind von Geburt an eine Kraft in sich hat. Wir d\u00fcrfen nicht nur das Kind sehen, sondern Gott in ihm. Wir m\u00fcssen die Gesetze der Sch\u00f6pfung in ihm achten. Wir d\u00fcrfen nicht denken, wir k\u00f6nnten das Kind&nbsp;machen; wenn wir das tun, verderben &hellip; <\/p>\n<p class=\"link-more\"><a href=\"https:\/\/montessori-integration-kiga.de\/index.php\/home\/\" class=\"more-link\"><span class=\"screen-reader-text\">\u201eWillkommen\u201c<\/span> weiterlesen<\/a><\/p>\n","protected":false},"author":1,"featured_media":1045,"parent":0,"menu_order":0,"comment_status":"closed","ping_status":"closed","template":"","meta":[],"aioseo_notices":[],"yoast_head":"<!-- This site is optimized with the Yoast SEO plugin v19.11 - https:\/\/yoast.com\/wordpress\/plugins\/seo\/ -->\n<title>Willkommen - Wiehremer Montessori Kindergarten<\/title>\n<meta name=\"robots\" content=\"index, follow, max-snippet:-1, max-image-preview:large, max-video-preview:-1\" \/>\n<link rel=\"canonical\" href=\"https:\/\/montessori-integration-kiga.de\/index.php\/home\/\" \/>\n<meta property=\"og:locale\" content=\"de_DE\" \/>\n<meta property=\"og:type\" content=\"article\" \/>\n<meta property=\"og:title\" content=\"Willkommen - Wiehremer Montessori Kindergarten\" \/>\n<meta property=\"og:description\" content=\"Vorwort Leitbild: Allein ein Ton, gemeinsam eine Melodie &#8222;Wir m\u00fcssen bedenken, dass das Kind von Geburt an eine Kraft in sich hat. Wir d\u00fcrfen nicht nur das Kind sehen, sondern Gott in ihm. Wir m\u00fcssen die Gesetze der Sch\u00f6pfung in ihm achten. Wir d\u00fcrfen nicht denken, wir k\u00f6nnten das Kind&nbsp;machen; wenn wir das tun, verderben &hellip; \u201eWillkommen\u201c weiterlesen\" \/>\n<meta property=\"og:url\" content=\"https:\/\/montessori-integration-kiga.de\/index.php\/home\/\" \/>\n<meta property=\"og:site_name\" content=\"Wiehremer Montessori Kindergarten\" \/>\n<meta property=\"article:modified_time\" content=\"2021-01-25T12:35:29+00:00\" \/>\n<meta property=\"og:image\" content=\"https:\/\/montessori-integration-kiga.de\/wp-content\/uploads\/2021\/01\/P1120058b-scaled.jpg\" \/>\n\t<meta property=\"og:image:width\" content=\"2560\" \/>\n\t<meta property=\"og:image:height\" content=\"1707\" \/>\n\t<meta property=\"og:image:type\" content=\"image\/jpeg\" \/>\n<meta name=\"twitter:card\" content=\"summary_large_image\" \/>\n<meta name=\"twitter:label1\" content=\"Gesch\u00e4tzte Lesezeit\" \/>\n\t<meta name=\"twitter:data1\" content=\"1\u00a0Minute\" \/>\n<script type=\"application\/ld+json\" class=\"yoast-schema-graph\">{\"@context\":\"https:\/\/schema.org\",\"@graph\":[{\"@type\":\"WebPage\",\"@id\":\"https:\/\/montessori-integration-kiga.de\/index.php\/home\/\",\"url\":\"https:\/\/montessori-integration-kiga.de\/index.php\/home\/\",\"name\":\"Willkommen - Wiehremer Montessori Kindergarten\",\"isPartOf\":{\"@id\":\"https:\/\/montessori-integration-kiga.de\/#website\"},\"datePublished\":\"2017-09-24T09:46:34+00:00\",\"dateModified\":\"2021-01-25T12:35:29+00:00\",\"breadcrumb\":{\"@id\":\"https:\/\/montessori-integration-kiga.de\/index.php\/home\/#breadcrumb\"},\"inLanguage\":\"de\",\"potentialAction\":[{\"@type\":\"ReadAction\",\"target\":[\"https:\/\/montessori-integration-kiga.de\/index.php\/home\/\"]}]},{\"@type\":\"BreadcrumbList\",\"@id\":\"https:\/\/montessori-integration-kiga.de\/index.php\/home\/#breadcrumb\",\"itemListElement\":[{\"@type\":\"ListItem\",\"position\":1,\"name\":\"Startseite\",\"item\":\"https:\/\/montessori-integration-kiga.de\/\"},{\"@type\":\"ListItem\",\"position\":2,\"name\":\"Willkommen\"}]},{\"@type\":\"WebSite\",\"@id\":\"https:\/\/montessori-integration-kiga.de\/#website\",\"url\":\"https:\/\/montessori-integration-kiga.de\/\",\"name\":\"Wiehremer Montessori Kindergarten\",\"description\":\"Beethovenstrasse 8, 79100 Freiburg im Breisgau\",\"potentialAction\":[{\"@type\":\"SearchAction\",\"target\":{\"@type\":\"EntryPoint\",\"urlTemplate\":\"https:\/\/montessori-integration-kiga.de\/?s={search_term_string}\"},\"query-input\":\"required name=search_term_string\"}],\"inLanguage\":\"de\"}]}<\/script>\n<!-- \/ Yoast SEO plugin. -->","yoast_head_json":{"title":"Willkommen - Wiehremer Montessori Kindergarten","robots":{"index":"index","follow":"follow","max-snippet":"max-snippet:-1","max-image-preview":"max-image-preview:large","max-video-preview":"max-video-preview:-1"},"canonical":"https:\/\/montessori-integration-kiga.de\/index.php\/home\/","og_locale":"de_DE","og_type":"article","og_title":"Willkommen - Wiehremer Montessori Kindergarten","og_description":"Vorwort Leitbild: Allein ein Ton, gemeinsam eine Melodie &#8222;Wir m\u00fcssen bedenken, dass das Kind von Geburt an eine Kraft in sich hat. Wir d\u00fcrfen nicht nur das Kind sehen, sondern Gott in ihm. Wir m\u00fcssen die Gesetze der Sch\u00f6pfung in ihm achten. Wir d\u00fcrfen nicht denken, wir k\u00f6nnten das Kind&nbsp;machen; wenn wir das tun, verderben &hellip; \u201eWillkommen\u201c weiterlesen","og_url":"https:\/\/montessori-integration-kiga.de\/index.php\/home\/","og_site_name":"Wiehremer Montessori Kindergarten","article_modified_time":"2021-01-25T12:35:29+00:00","og_image":[{"width":2560,"height":1707,"url":"https:\/\/montessori-integration-kiga.de\/wp-content\/uploads\/2021\/01\/P1120058b-scaled.jpg","type":"image\/jpeg"}],"twitter_card":"summary_large_image","twitter_misc":{"Gesch\u00e4tzte Lesezeit":"1\u00a0Minute"},"schema":{"@context":"https:\/\/schema.org","@graph":[{"@type":"WebPage","@id":"https:\/\/montessori-integration-kiga.de\/index.php\/home\/","url":"https:\/\/montessori-integration-kiga.de\/index.php\/home\/","name":"Willkommen - Wiehremer Montessori Kindergarten","isPartOf":{"@id":"https:\/\/montessori-integration-kiga.de\/#website"},"datePublished":"2017-09-24T09:46:34+00:00","dateModified":"2021-01-25T12:35:29+00:00","breadcrumb":{"@id":"https:\/\/montessori-integration-kiga.de\/index.php\/home\/#breadcrumb"},"inLanguage":"de","potentialAction":[{"@type":"ReadAction","target":["https:\/\/montessori-integration-kiga.de\/index.php\/home\/"]}]},{"@type":"BreadcrumbList","@id":"https:\/\/montessori-integration-kiga.de\/index.php\/home\/#breadcrumb","itemListElement":[{"@type":"ListItem","position":1,"name":"Startseite","item":"https:\/\/montessori-integration-kiga.de\/"},{"@type":"ListItem","position":2,"name":"Willkommen"}]},{"@type":"WebSite","@id":"https:\/\/montessori-integration-kiga.de\/#website","url":"https:\/\/montessori-integration-kiga.de\/","name":"Wiehremer Montessori Kindergarten","description":"Beethovenstrasse 8, 79100 Freiburg im Breisgau","potentialAction":[{"@type":"SearchAction","target":{"@type":"EntryPoint","urlTemplate":"https:\/\/montessori-integration-kiga.de\/?s={search_term_string}"},"query-input":"required name=search_term_string"}],"inLanguage":"de"}]}},"_links":{"self":[{"href":"https:\/\/montessori-integration-kiga.de\/index.php\/wp-json\/wp\/v2\/pages\/16"}],"collection":[{"href":"https:\/\/montessori-integration-kiga.de\/index.php\/wp-json\/wp\/v2\/pages"}],"about":[{"href":"https:\/\/montessori-integration-kiga.de\/index.php\/wp-json\/wp\/v2\/types\/page"}],"author":[{"embeddable":true,"href":"https:\/\/montessori-integration-kiga.de\/index.php\/wp-json\/wp\/v2\/users\/1"}],"replies":[{"embeddable":true,"href":"https:\/\/montessori-integration-kiga.de\/index.php\/wp-json\/wp\/v2\/comments?post=16"}],"version-history":[{"count":18,"href":"https:\/\/montessori-integration-kiga.de\/index.php\/wp-json\/wp\/v2\/pages\/16\/revisions"}],"predecessor-version":[{"id":1080,"href":"https:\/\/montessori-integration-kiga.de\/index.php\/wp-json\/wp\/v2\/pages\/16\/revisions\/1080"}],"wp:featuredmedia":[{"embeddable":true,"href":"https:\/\/montessori-integration-kiga.de\/index.php\/wp-json\/wp\/v2\/media\/1045"}],"wp:attachment":[{"href":"https:\/\/montessori-integration-kiga.de\/index.php\/wp-json\/wp\/v2\/media?parent=16"}],"curies":[{"name":"wp","href":"https:\/\/api.w.org\/{rel}","templated":true}]}}